{"id":36,"date":"2024-09-19T00:43:52","date_gmt":"2024-09-19T00:43:52","guid":{"rendered":"https:\/\/bibliotequese.com\/main\/about\/"},"modified":"2025-12-13T22:28:44","modified_gmt":"2025-12-13T22:28:44","slug":"sobre","status":"publish","type":"page","link":"https:\/\/bibliotequese.com\/main\/sobre\/","title":{"rendered":"Quem Somos"},"content":{"rendered":"\n<div class=\"wp-block-uagb-container uagb-block-81450f7d alignfull uagb-is-root-container\"><div class=\"uagb-container-inner-blocks-wrap\">\n<div class=\"wp-block-uagb-advanced-heading uagb-block-adf6aaae\"><h2 class=\"uagb-heading-text\">Especialistas em bibliotecas<\/h2><\/div>\n<\/div><\/div>\n\n\n\n<p><\/p>\n\n\n\n<div class=\"wp-block-uagb-container uagb-block-d2cb2c90 alignfull uagb-is-root-container\"><div class=\"uagb-container-inner-blocks-wrap\">\n<div class=\"wp-block-uagb-container uagb-block-b43c9f21\">\n<div class=\"wp-block-uagb-image uagb-block-b4ea0180 wp-block-uagb-image--layout-default wp-block-uagb-image--effect-static wp-block-uagb-image--align-none\"><figure class=\"wp-block-uagb-image__figure\"><img decoding=\"async\" srcset=\"https:\/\/bibliotequese.com\/main\/wp-content\/uploads\/2024\/10\/pexels-tiana-18128-2898170-1024x683.jpg ,https:\/\/bibliotequese.com\/main\/wp-content\/uploads\/2024\/10\/pexels-tiana-18128-2898170-scaled.jpg 780w, https:\/\/bibliotequese.com\/main\/wp-content\/uploads\/2024\/10\/pexels-tiana-18128-2898170-scaled.jpg 360w\" sizes=\"auto, (max-width: 480px) 150px\" src=\"https:\/\/bibliotequese.com\/main\/wp-content\/uploads\/2024\/10\/pexels-tiana-18128-2898170-1024x683.jpg\" alt=\"\" class=\"uag-image-1077\" width=\"482\" height=\"249\" title=\"pexels-tiana-18128-2898170\" loading=\"lazy\" role=\"img\"\/><\/figure><\/div>\n\n\n\n<p><\/p>\n<\/div>\n\n\n\n<div class=\"wp-block-uagb-container uagb-block-5964d63c\">\n<h2 class=\"wp-block-heading has-text-align-center\"><strong>Quem Somos<\/strong><\/h2>\n\n\n\n<p class=\"has-text-align-center\">A Biblioteque-se \u00e9 uma empresa especializada na gest\u00e3o e organiza\u00e7\u00e3o de bibliotecas, oferecendo solu\u00e7\u00f5es personalizadas para otimizar acervos e aprimorar a experi\u00eancia dos usu\u00e1rios. Contamos com uma equipe altamente qualificada, composta por tr\u00eas bibliotec\u00e1rios e profissionais experientes, comprometidos em elevar a efici\u00eancia e a qualidade das bibliotecas educacionais, jur\u00eddicas, culturais e corporativas. Nosso diferencial est\u00e1 na expertise, inova\u00e7\u00e3o e compromisso em transformar bibliotecas em espa\u00e7os mais acess\u00edveis, din\u00e2micos e funcionais.<\/p>\n\n\n\n<p class=\"has-text-align-center\"><\/p>\n<\/div>\n\n\n\n<div class=\"wp-block-uagb-container uagb-block-d68a15da\">\n<p><\/p>\n\n\n\n<div class=\"wp-block-uagb-image uagb-block-7bbd0260 wp-block-uagb-image--layout-default wp-block-uagb-image--effect-static wp-block-uagb-image--align-none\"><figure class=\"wp-block-uagb-image__figure\"><img decoding=\"async\" srcset=\"https:\/\/bibliotequese.com\/main\/wp-content\/uploads\/2024\/09\/pexels-photo-2041540-2041540-1024x683.jpg ,https:\/\/bibliotequese.com\/main\/wp-content\/uploads\/2024\/09\/pexels-photo-2041540-2041540-scaled.jpg 780w, https:\/\/bibliotequese.com\/main\/wp-content\/uploads\/2024\/09\/pexels-photo-2041540-2041540-scaled.jpg 360w\" sizes=\"auto, (max-width: 480px) 150px\" src=\"https:\/\/bibliotequese.com\/main\/wp-content\/uploads\/2024\/09\/pexels-photo-2041540-2041540-1024x683.jpg\" alt=\"Chair Beside Book Shelves\" class=\"uag-image-1048\" width=\"480\" height=\"282\" title=\"pexels-photo-2041540-2041540\" loading=\"lazy\" role=\"img\"\/><\/figure><\/div>\n<\/div>\n\n\n\n<div class=\"wp-block-uagb-container uagb-block-9c193746\">\n<h2 class=\"wp-block-heading has-text-align-center\"><strong>Nossa Hist\u00f3ria<\/strong><\/h2>\n\n\n\n<p class=\"has-text-align-center\">A <strong>Biblioteque-se<\/strong> nasceu do sonho de dois amigos apaixonados por literatura, que decidiram transformar seu conhecimento em um empreendimento inovador na \u00e1rea da biblioteconomia. Com o objetivo de criar bibliotecas mais organizadas, modernas e acess\u00edveis, reuniram uma equipe qualificada para oferecer solu\u00e7\u00f5es completas na gest\u00e3o de acervos. Hoje, a empresa segue crescendo, ajudando escolas, empresas e institui\u00e7\u00f5es culturais a otimizar seus espa\u00e7os de conhecimento.<br>Acreditamos que uma biblioteca bem estruturada \u00e9 mais do que um local de armazenamento de livros \u2013 \u00e9 um centro de aprendizado, inspira\u00e7\u00e3o e inova\u00e7\u00e3o. Por isso, trabalhamos com dedica\u00e7\u00e3o para criar ambientes din\u00e2micos e funcionais, garantindo que cada espa\u00e7o atenda \u00e0s necessidades de seus usu\u00e1rios e valorize o acesso \u00e0 informa\u00e7\u00e3o.<\/p>\n<\/div>\n<\/div><\/div>\n\n\n\n<figure class=\"wp-block-image alignfull size-full\"><img decoding=\"async\" src=\"https:\/\/bibliotequese.com\/main\/wp-content\/uploads\/2025\/12\/Fale-conosco-3.svg\" alt=\"\" class=\"wp-image-1775\"\/><\/figure>\n","protected":false},"excerpt":{"rendered":"<p>Especialistas em bibliotecas Quem Somos A Biblioteque-se \u00e9 uma empresa especializada na gest\u00e3o e organiza\u00e7\u00e3o de bibliotecas, oferecendo solu\u00e7\u00f5es personalizadas [&hellip;]<\/p>\n","protected":false},"author":1,"featured_media":0,"parent":0,"menu_order":0,"comment_status":"closed","ping_status":"closed","template":"","meta":{"_uag_custom_page_level_css":"","site-sidebar-layout":"default","site-content-layout":"","ast-site-content-layout":"full-width-container","site-content-style":"default","site-sidebar-style":"default","ast-global-header-display":"","ast-banner-title-visibility":"","ast-main-header-display":"","ast-hfb-above-header-display":"","ast-hfb-below-header-display":"","ast-hfb-mobile-header-display":"","site-post-title":"disabled","ast-breadcrumbs-content":"","ast-featured-img":"","footer-sml-layout":"","theme-transparent-header-meta":"enabled","adv-header-id-meta":"","stick-header-meta":"","header-above-stick-meta":"","header-main-stick-meta":"","header-below-stick-meta":"","astra-migrate-meta-layouts":"default","ast-page-background-enabled":"default","ast-page-background-meta":{"desktop":{"background-color":"var(--ast-global-color-4)","background-image":"","background-repeat":"repeat","background-position":"center center","background-size":"auto","background-attachment":"scroll","background-type":"","background-media":"","overlay-type":"","overlay-color":"","overlay-opacity":"","overlay-gradient":""},"tablet":{"background-color":"","background-image":"","background-repeat":"repeat","background-position":"center center","background-size":"auto","background-attachment":"scroll","background-type":"","background-media":"","overlay-type":"","overlay-color":"","overlay-opacity":"","overlay-gradient":""},"mobile":{"background-color":"","background-image":"","background-repeat":"repeat","background-position":"center center","background-size":"auto","background-attachment":"scroll","background-type":"","background-media":"","overlay-type":"","overlay-color":"","overlay-opacity":"","overlay-gradient":""}},"ast-content-background-meta":{"desktop":{"background-color":"var(--ast-global-color-5)","background-image":"","background-repeat":"repeat","background-position":"center center","background-size":"auto","background-attachment":"scroll","background-type":"","background-media":"","overlay-type":"","overlay-color":"","overlay-opacity":"","overlay-gradient":""},"tablet":{"background-color":"var(--ast-global-color-5)","background-image":"","background-repeat":"repeat","background-position":"center center","background-size":"auto","background-attachment":"scroll","background-type":"","background-media":"","overlay-type":"","overlay-color":"","overlay-opacity":"","overlay-gradient":""},"mobile":{"background-color":"var(--ast-global-color-5)","background-image":"","background-repeat":"repeat","background-position":"center center","background-size":"auto","background-attachment":"scroll","background-type":"","background-media":"","overlay-type":"","overlay-color":"","overlay-opacity":"","overlay-gradient":""}},"footnotes":""},"class_list":["post-36","page","type-page","status-publish","hentry"],"yoast_head":"<!-- This site is optimized with the Yoast SEO plugin v26.8 - https:\/\/yoast.com\/product\/yoast-seo-wordpress\/ -->\n<title>Quem Somos -<\/title>\n<meta name=\"robots\" content=\"index, follow, max-snippet:-1, max-image-preview:large, max-video-preview:-1\" \/>\n<link rel=\"canonical\" href=\"https:\/\/bibliotequese.com\/main\/sobre\/\" \/>\n<meta property=\"og:locale\" content=\"pt_BR\" \/>\n<meta property=\"og:type\" content=\"article\" \/>\n<meta property=\"og:title\" content=\"Quem Somos -\" \/>\n<meta property=\"og:description\" content=\"Especialistas em bibliotecas Quem Somos A Biblioteque-se \u00e9 uma empresa especializada na gest\u00e3o e organiza\u00e7\u00e3o de bibliotecas, oferecendo solu\u00e7\u00f5es personalizadas [&hellip;]\" \/>\n<meta property=\"og:url\" content=\"https:\/\/bibliotequese.com\/main\/sobre\/\" \/>\n<meta property=\"article:modified_time\" content=\"2025-12-13T22:28:44+00:00\" \/>\n<meta property=\"og:image\" content=\"https:\/\/bibliotequese.com\/main\/wp-content\/uploads\/2024\/10\/pexels-tiana-18128-2898170-1024x683.jpg\" \/>\n<meta name=\"twitter:card\" content=\"summary_large_image\" \/>\n<meta name=\"twitter:label1\" content=\"Est. tempo de leitura\" \/>\n\t<meta name=\"twitter:data1\" content=\"1 minuto\" \/>\n<script type=\"application\/ld+json\" class=\"yoast-schema-graph\">{\"@context\":\"https:\/\/schema.org\",\"@graph\":[{\"@type\":\"WebPage\",\"@id\":\"https:\/\/bibliotequese.com\/main\/sobre\/\",\"url\":\"https:\/\/bibliotequese.com\/main\/sobre\/\",\"name\":\"Quem Somos -\",\"isPartOf\":{\"@id\":\"https:\/\/bibliotequese.com\/main\/#website\"},\"primaryImageOfPage\":{\"@id\":\"https:\/\/bibliotequese.com\/main\/sobre\/#primaryimage\"},\"image\":{\"@id\":\"https:\/\/bibliotequese.com\/main\/sobre\/#primaryimage\"},\"thumbnailUrl\":\"https:\/\/bibliotequese.com\/main\/wp-content\/uploads\/2024\/10\/pexels-tiana-18128-2898170-1024x683.jpg\",\"datePublished\":\"2024-09-19T00:43:52+00:00\",\"dateModified\":\"2025-12-13T22:28:44+00:00\",\"breadcrumb\":{\"@id\":\"https:\/\/bibliotequese.com\/main\/sobre\/#breadcrumb\"},\"inLanguage\":\"pt-BR\",\"potentialAction\":[{\"@type\":\"ReadAction\",\"target\":[\"https:\/\/bibliotequese.com\/main\/sobre\/\"]}]},{\"@type\":\"ImageObject\",\"inLanguage\":\"pt-BR\",\"@id\":\"https:\/\/bibliotequese.com\/main\/sobre\/#primaryimage\",\"url\":\"https:\/\/bibliotequese.com\/main\/wp-content\/uploads\/2024\/10\/pexels-tiana-18128-2898170-scaled.jpg\",\"contentUrl\":\"https:\/\/bibliotequese.com\/main\/wp-content\/uploads\/2024\/10\/pexels-tiana-18128-2898170-scaled.jpg\",\"width\":2560,\"height\":1707},{\"@type\":\"BreadcrumbList\",\"@id\":\"https:\/\/bibliotequese.com\/main\/sobre\/#breadcrumb\",\"itemListElement\":[{\"@type\":\"ListItem\",\"position\":1,\"name\":\"In\u00edcio\",\"item\":\"https:\/\/bibliotequese.com\/main\/\"},{\"@type\":\"ListItem\",\"position\":2,\"name\":\"Quem Somos\"}]},{\"@type\":\"WebSite\",\"@id\":\"https:\/\/bibliotequese.com\/main\/#website\",\"url\":\"https:\/\/bibliotequese.com\/main\/\",\"name\":\"Biblioteque-se\",\"description\":\"\",\"publisher\":{\"@id\":\"https:\/\/bibliotequese.com\/main\/#organization\"},\"potentialAction\":[{\"@type\":\"SearchAction\",\"target\":{\"@type\":\"EntryPoint\",\"urlTemplate\":\"https:\/\/bibliotequese.com\/main\/?s={search_term_string}\"},\"query-input\":{\"@type\":\"PropertyValueSpecification\",\"valueRequired\":true,\"valueName\":\"search_term_string\"}}],\"inLanguage\":\"pt-BR\"},{\"@type\":\"Organization\",\"@id\":\"https:\/\/bibliotequese.com\/main\/#organization\",\"name\":\"Biblioteque-se\",\"url\":\"https:\/\/bibliotequese.com\/main\/\",\"logo\":{\"@type\":\"ImageObject\",\"inLanguage\":\"pt-BR\",\"@id\":\"https:\/\/bibliotequese.com\/main\/#\/schema\/logo\/image\/\",\"url\":\"https:\/\/bibliotequese.com\/main\/wp-content\/uploads\/2025\/03\/cropped-Sem_titulo-removebg-preview-1.png\",\"contentUrl\":\"https:\/\/bibliotequese.com\/main\/wp-content\/uploads\/2025\/03\/cropped-Sem_titulo-removebg-preview-1.png\",\"width\":801,\"height\":228,\"caption\":\"Biblioteque-se\"},\"image\":{\"@id\":\"https:\/\/bibliotequese.com\/main\/#\/schema\/logo\/image\/\"}}]}<\/script>\n<!-- \/ Yoast SEO plugin. -->","yoast_head_json":{"title":"Quem Somos -","robots":{"index":"index","follow":"follow","max-snippet":"max-snippet:-1","max-image-preview":"max-image-preview:large","max-video-preview":"max-video-preview:-1"},"canonical":"https:\/\/bibliotequese.com\/main\/sobre\/","og_locale":"pt_BR","og_type":"article","og_title":"Quem Somos -","og_description":"Especialistas em bibliotecas Quem Somos A Biblioteque-se \u00e9 uma empresa especializada na gest\u00e3o e organiza\u00e7\u00e3o de bibliotecas, oferecendo solu\u00e7\u00f5es personalizadas [&hellip;]","og_url":"https:\/\/bibliotequese.com\/main\/sobre\/","article_modified_time":"2025-12-13T22:28:44+00:00","og_image":[{"url":"https:\/\/bibliotequese.com\/main\/wp-content\/uploads\/2024\/10\/pexels-tiana-18128-2898170-1024x683.jpg","type":"","width":"","height":""}],"twitter_card":"summary_large_image","twitter_misc":{"Est. tempo de leitura":"1 minuto"},"schema":{"@context":"https:\/\/schema.org","@graph":[{"@type":"WebPage","@id":"https:\/\/bibliotequese.com\/main\/sobre\/","url":"https:\/\/bibliotequese.com\/main\/sobre\/","name":"Quem Somos -","isPartOf":{"@id":"https:\/\/bibliotequese.com\/main\/#website"},"primaryImageOfPage":{"@id":"https:\/\/bibliotequese.com\/main\/sobre\/#primaryimage"},"image":{"@id":"https:\/\/bibliotequese.com\/main\/sobre\/#primaryimage"},"thumbnailUrl":"https:\/\/bibliotequese.com\/main\/wp-content\/uploads\/2024\/10\/pexels-tiana-18128-2898170-1024x683.jpg","datePublished":"2024-09-19T00:43:52+00:00","dateModified":"2025-12-13T22:28:44+00:00","breadcrumb":{"@id":"https:\/\/bibliotequese.com\/main\/sobre\/#breadcrumb"},"inLanguage":"pt-BR","potentialAction":[{"@type":"ReadAction","target":["https:\/\/bibliotequese.com\/main\/sobre\/"]}]},{"@type":"ImageObject","inLanguage":"pt-BR","@id":"https:\/\/bibliotequese.com\/main\/sobre\/#primaryimage","url":"https:\/\/bibliotequese.com\/main\/wp-content\/uploads\/2024\/10\/pexels-tiana-18128-2898170-scaled.jpg","contentUrl":"https:\/\/bibliotequese.com\/main\/wp-content\/uploads\/2024\/10\/pexels-tiana-18128-2898170-scaled.jpg","width":2560,"height":1707},{"@type":"BreadcrumbList","@id":"https:\/\/bibliotequese.com\/main\/sobre\/#breadcrumb","itemListElement":[{"@type":"ListItem","position":1,"name":"In\u00edcio","item":"https:\/\/bibliotequese.com\/main\/"},{"@type":"ListItem","position":2,"name":"Quem Somos"}]},{"@type":"WebSite","@id":"https:\/\/bibliotequese.com\/main\/#website","url":"https:\/\/bibliotequese.com\/main\/","name":"Biblioteque-se","description":"","publisher":{"@id":"https:\/\/bibliotequese.com\/main\/#organization"},"potentialAction":[{"@type":"SearchAction","target":{"@type":"EntryPoint","urlTemplate":"https:\/\/bibliotequese.com\/main\/?s={search_term_string}"},"query-input":{"@type":"PropertyValueSpecification","valueRequired":true,"valueName":"search_term_string"}}],"inLanguage":"pt-BR"},{"@type":"Organization","@id":"https:\/\/bibliotequese.com\/main\/#organization","name":"Biblioteque-se","url":"https:\/\/bibliotequese.com\/main\/","logo":{"@type":"ImageObject","inLanguage":"pt-BR","@id":"https:\/\/bibliotequese.com\/main\/#\/schema\/logo\/image\/","url":"https:\/\/bibliotequese.com\/main\/wp-content\/uploads\/2025\/03\/cropped-Sem_titulo-removebg-preview-1.png","contentUrl":"https:\/\/bibliotequese.com\/main\/wp-content\/uploads\/2025\/03\/cropped-Sem_titulo-removebg-preview-1.png","width":801,"height":228,"caption":"Biblioteque-se"},"image":{"@id":"https:\/\/bibliotequese.com\/main\/#\/schema\/logo\/image\/"}}]}},"uagb_featured_image_src":{"full":false,"thumbnail":false,"medium":false,"medium_large":false,"large":false,"1536x1536":false,"2048x2048":false},"uagb_author_info":{"display_name":"taila_biblio","author_link":"https:\/\/bibliotequese.com\/main\/author\/taila_biblio\/"},"uagb_comment_info":0,"uagb_excerpt":"Especialistas em bibliotecas Quem Somos A Biblioteque-se \u00e9 uma empresa especializada na gest\u00e3o e organiza\u00e7\u00e3o de bibliotecas, oferecendo solu\u00e7\u00f5es personalizadas [&hellip;]","_links":{"self":[{"href":"https:\/\/bibliotequese.com\/main\/wp-json\/wp\/v2\/pages\/36","targetHints":{"allow":["GET"]}}],"collection":[{"href":"https:\/\/bibliotequese.com\/main\/wp-json\/wp\/v2\/pages"}],"about":[{"href":"https:\/\/bibliotequese.com\/main\/wp-json\/wp\/v2\/types\/page"}],"author":[{"embeddable":true,"href":"https:\/\/bibliotequese.com\/main\/wp-json\/wp\/v2\/users\/1"}],"replies":[{"embeddable":true,"href":"https:\/\/bibliotequese.com\/main\/wp-json\/wp\/v2\/comments?post=36"}],"version-history":[{"count":60,"href":"https:\/\/bibliotequese.com\/main\/wp-json\/wp\/v2\/pages\/36\/revisions"}],"predecessor-version":[{"id":1776,"href":"https:\/\/bibliotequese.com\/main\/wp-json\/wp\/v2\/pages\/36\/revisions\/1776"}],"wp:attachment":[{"href":"https:\/\/bibliotequese.com\/main\/wp-json\/wp\/v2\/media?parent=36"}],"curies":[{"name":"wp","href":"https:\/\/api.w.org\/{rel}","templated":true}]}}